
Is 15 a factor of (-4 + (-10)/(-3))/(4/(-114))?
False
Let v be (-15)/(-6) - (-2)/(-4). Let q = -5 + v. Let z = q + 6. Is 3 a factor of z?
True
Let o be 3/(20/6 + -3). Let b(c) = c**2 + 2*c - 6. Let v be b(6). Does 7 divide (6/o)/(2/v)?
True
Suppose s - 4*s - 6 = 3*h, s + 3*h - 6 = 0. Let w = 6 + s. Let v = 17 - w. Is 17 a factor of v?
True
Let c be 1 - (-6 + 3 + 1). Suppose 4 = a + d - 0, 4*a = -c*d + 19. Does 6 divide a?
False
Let x(i) = -5*i - 1. Let u be x(2). Let z = 2 + u. Let v = z - -35. Is 11 a factor of v?
False
Let l(p) = p**3 + 7*p**2 - p + 2. Does 20 divide l(-5)?
False
Let m = -73 + 133. Is 15 a factor of m?
True
Let w = 3 - 3. Suppose w*r - 39 = -h - 3*r, 4*h + 4*r - 148 = 0. Is h a multiple of 18?
True
Let h = 102 + -62. Is 14 a factor of h?
False
Let q(h) be the first derivative of 7*h**2/2 - 3*h - 6. Does 4 divide q(3)?
False
Let x = -45 - -133. Is 22 a factor of x?
True
Does 4 divide (-2 - (-68)/4) + -3?
True
Let r(m) = m**2 + 3. Let u be r(0). Suppose -3*y - 120 = q, 160 = -4*y + u*q - 2*q. Let z = -20 - y. Is 20 a factor of z?
True
Let j(h) = -13*h**3 + h**2 + 2. Let r(c) = -c - 4. Let x be r(-6). Let a be j(x). Is 10 a factor of ((-3)/2)/(7/a)?
False
Let u(h) = -h**2 - 9*h + 3. Let z be u(-7). Let g = z + -9. Is 4 a factor of g?
True
Suppose 3*m = 2*m + 37. Let n = -10 + m. Does 9 divide n?
True
Let g(p) = -p**2 - p + 65. Let o be g(0). Suppose -3*b - 14 = -o. Is b a multiple of 17?
True
Suppose 3*x - 179 = 148. Is 7 a factor of x?
False
Let s = -107 - -150. Is s a multiple of 10?
False
Let p(s) = 5*s**2 - s - 2. Let y(b) = -11*b**2 + 3*b + 5. Let n(d) = 9*p(d) + 4*y(d). Let j be n(-4). Suppose a = j*a - 275. Does 19 divide a?
False
Let g(w) = -w**2 - 5*w - 3. Let r be g(-5). Let s = r - -5. Is 18 a factor of ((-18)/1)/(s/(-4))?
True
Let x(q) = -6*q + 30. Is x(-10) a multiple of 9?
True
Suppose 0 = -k - 2*k + 4824. Suppose 0 = a, 3*y + 2*a = 3*a - k. Is 19 a factor of (-8)/(-20) + y/(-10)?
False
Suppose 171 = 3*o + 5*q + 11, -2*o + 107 = 3*q. Is 11 a factor of o?
True
Let i = 3 - -63. Is 22 a factor of i?
True
Let c be (1/(-2))/((-2)/540). Suppose 4*m + 23 + 113 = 3*q, 3*q - 3*m - c = 0. Suppose 5*n = -g + 44, -4*g + g = 4*n - q. Does 4 divide n?
True
Let j(k) = k**2 + 3*k. Let c be j(-4). Suppose 0 = 5*o - c - 16. Suppose 5*w = 5*q + 55, 22 + 14 = o*w + 4*q. Does 6 divide w?
False
Suppose -4*s - 336 = -8*s. Is 12 a factor of s?
True
Is (2/5)/(6/30) even?
True
Let u = 12 + 68. Is 17 a factor of u?
False
Suppose -2*l = 3*l - 990. Is l a multiple of 18?
True
Let a(k) = -k**3 + 8*k**2 - 5*k - 14. Let f be a(7). Let w be (-30)/(-7) + (-4)/14. Suppose w*s + 4 + 8 = f, -s + 137 = 5*u. Does 14 divide u?
True
Let n be 0 + (-1)/((-2)/(-18)). Suppose 3*u - 69 = 3. Let v = n + u. Is 11 a factor of v?
False
Let z = -32 - -46. Does 8 divide z?
False
Suppose 2*q - 5*g = -4*g + 36, q = -2*g + 13. Is q a multiple of 9?
False
Let w = -21 + 4. Let a = 27 + w. Is a a multiple of 5?
True
Suppose 4*d = -64 - 216. Is 30/d + 73/7 a multiple of 5?
True
Suppose 4*c - 8 = 8. Let a be c*(-1)/2 + 4. Suppose j - 12 - a = 0. Is 7 a factor of j?
True
Suppose f + 1 = -3. Let n = -10 - -1. Is 11 a factor of ((-6)/f)/(n/(-132))?
True
Let c(r) = -2*r - 9. Let a be c(-6). Suppose 40 = -w + a*w. Is 5 a factor of w?
True
Let f = -1 + -3. Let r be 0/((2 + f)/2). Suppose -n + r*n + 16 = 0. Does 8 divide n?
True
Let v = -8 - -10. Suppose -v*q = -q - 39. Is 14 a factor of q?
False
Let n = 16 - -47. Let j be (1 - -1 - 1)*n. Suppose j = 3*o + 3*d, o - d - 25 = -8. Does 10 divide o?
False
Let g(m) = -m**2 - 12*m - 8. Let q = 23 - 33. Let i be g(q). Let y = 19 - i. Does 4 divide y?
False
Suppose 3 = -2*d + 3*d. Let z(k) = k**3 - 3*k**2 + k - 2. Let l be z(d). Is -2 + 11 + l + -3 a multiple of 7?
True
Let f = 30 - 26. Suppose -f*h = h - 410. Does 33 divide h?
False
Let i(v) be the third derivative of v**5/20 - 5*v**4/24 + v**3/3 + 2*v**2. Let l be i(3). Let n = 3 + l. Does 7 divide n?
False
Let l = 1 + -3. Is 2 a factor of -10*l*(-1)/(-5)?
True
Let h = 32 - 21. Let l = h + -22. Let u = l - -24. Is u a multiple of 6?
False
Suppose 0 = 3*s - 59 - 103. Is s a multiple of 27?
True
Suppose -u = 2*u - 48. Is u a multiple of 16?
True
Let u(l) = 7*l - 7. Let j(a) = -a. Let x(y) = 6*j(y) + u(y). Does 2 divide x(11)?
True
Let i = -43 + 115. Is i a multiple of 13?
False
Let s be 1*(-1 + -2 - 0). Let q(w) = w**3 - 8*w**2 + 8*w - 5. Let k be q(7). Is 10 a factor of (-1 - k)*14/s?
False
Let n = -25 + 45. Is 20 a factor of n?
True
Suppose -3*m = m + 4*w - 16, 0 = -2*w - 2. Is 2 a factor of m?
False
Let r = -3 + -9. Is 9 a factor of ((-4)/r)/((-3)/(-108))?
False
Suppose -4 = -3*s + 20. Suppose s = -3*l - l. Let x(a) = 4*a**2 + 3*a + 3. Is 13 a factor of x(l)?
True
Let o(s) = -s + 7. Let h be o(6). Is h/(-2*(-3)/216) a multiple of 18?
True
Let j be (-9)/21 + (-74)/7. Let m = 1 - -16. Let u = m + j. Does 6 divide u?
True
Let q be 1 - (0 - (-5 - 0)). Is 21 a factor of 20 + 2 + (q - -3)?
True
Suppose 3*y + 187 = 2*n, 6*n - 380 = 2*n + 4*y. Is n a multiple of 40?
False
Let r(q) = q**3 - q**2 + 3. Let u be r(0). Let z = u - 5. Is 23 a factor of (z/5)/(6/(-690))?
True
Let h(g) = -14*g**2 + g. Let x be h(1). Let c = x - -26. Let i = c - 9. Does 4 divide i?
True
Let a = 5 + -8. Let c = a + 11. Suppose -c = -3*h - 2. Does 2 divide h?
True
Let w be (-3 + 6)/((-6)/(-8)). Suppose 2*d + 3*f = -3*d + 922, w*d - 741 = f. Suppose 5*x - b = d, x = -0*x + 2*b + 46. Is x a multiple of 12?
True
Let x = -7 - -11. Suppose 0*t - 4*n = 5*t - 263, t - 59 = -x*n. Does 17 divide t?
True
Let d = -19 + 46. Is d a multiple of 27?
True
Does 2 divide (-12)/(-14)*(13 + 3 + -2)?
True
Let x be 15*(-6)/(-27)*-3. Let p = -2 + 34. Let z = p + x. Is 11 a factor of z?
True
Suppose 3*y - 152 = -0*d - d, 2*y = -5*d + 84. Does 8 divide y?
False
Suppose 21*q - 22*q + 10 = 0. Is 8 a factor of q?
False
Suppose -3*j + 6 = 3*b, 0 = 5*j + 3*b + 4 - 14. Suppose -5*v = -25, 0 = -x + 2*v + j*v - 10. Is 5 a factor of x?
True
Suppose 39 = b - 3*s, -5*b + 93 = -2*s - 37. Is 5 a factor of b?
False
Let g(w) = 2*w**2 + 3*w - 1. Let u be g(-3). Suppose -120 = -u*y + 4*y. Does 21 divide y?
False
Does 5 divide 9 + -12 + (-1 - -19)?
True
Let f = 4 - -1. Suppose 0 = -3*i + 11 - f. Is (6/(-4))/(i/(-52)) a multiple of 16?
False
Suppose 2*l - 115 = -3*l. Is 23 a factor of l?
True
Let m = -3 - -15. Is 8 a factor of m?
False
Let x = 123 - 30. Let d = -66 + x. Does 9 divide d?
True
Suppose -a - 148 = -5*a. Let n = a - 20. Suppose 3*s - n = 91. Is s a multiple of 13?
False
Let v(t) = 2*t**3 - 19*t**2 - 5*t + 19. Let y(r) = r**3 - 10*r**2 - 2*r + 10. Let k(g) = -4*v(g) + 7*y(g). Does 12 divide k(6)?
False
Let a(f) = 2*f**2 - 6*f + 1. Is 6 a factor of a(-4)?
False
Let o be (-2)/(-14) - 1518/42. Let n = o + 82. Is n a multiple of 11?
False
Let g = -73 - -109. Is g a multiple of 13?
False
Suppose 117 = 4*t - 4*a - 355, a = -4. Is t a multiple of 19?
True
Suppose 3*a - 8 = 1. Suppose -5*w = -4*n + 104, 0*w - 3*w + 78 = a*n. Let x = n + -18. Is 8 a factor of x?
True
Let m(z) = z**3 + 18*z**2 + 16*z + 14. Is m(-17) even?
False
Let f = -7 - -111. Is f a multiple of 13?
True
Suppose -8*z = -5*z - 120. Is 4 a factor of z?
True
Let f = -43 + 52. Is f a multiple of 5?
False
Suppose 2*a - 5*f = -0*f + 37, 3*a = -5*f + 43. Is a a multiple of 13?
False
Suppose y - x - 47 = 4*x, 4*y + x = 230. Let n = -4 + 9. Suppose -n*v = -2*v - y. Is v a multiple of 14?
False
Let l(p) = -p**3 - 3*p**2 + 4*p + 6. Let r be -3*12/(-9)*-1. Is 6 a factor of l(r)?
True
Suppose 3*p = -2*p + z + 34, -z + 22 = 3*p. Does 3 divide p?
False
Let n(z) = z - 3. Let q be (-1 - 1)*(-21)/6. Let r be n(q). Suppose -m - 41 = -r*b, 4*b = -0*m + 4*m + 32. Does 11 divide b?
True
Let b = 123 + -185. Does 17 divide 1/1 - b/1?
False
Suppose -4*z = -z. Suppose 4*p + 8 = -z*p. Let x(d) = -4*d**3 + d**2 - 3*d - 3. Is x(p) a multiple of 18?
False
Suppose -4*f + 2*h = -154, f + h - 8 - 23 = 0. Is 9 a factor of f?
True
Let o = -157 - -231. Does 20 divide o?
False
Suppose 4*v - 5*y - 303 - 166 = 0, 2*y = -2. Does 25 divide v?
False
Is ((-1)/((-4)/(-18)))/((-11)/176) a multiple of 37?
False
Suppose 65 = -4*v + 3*q, 5*v - 3*v + 33 = q. Let y = 27 + v. Does 3 divide y?
False
Let c(x) = -x**2 + 20*x - 8. Let q be 